{"id":4,"date":"2020-11-14T13:00:55","date_gmt":"2020-11-14T13:00:55","guid":{"rendered":"https:\/\/gunguroo.com\/buecheresel\/?page_id=4"},"modified":"2020-11-16T09:27:11","modified_gmt":"2020-11-16T09:27:11","slug":"home","status":"publish","type":"page","link":"https:\/\/gunguroo.com\/buecheresel\/","title":{"rendered":"Home"},"content":{"rendered":"\n<p>B\u00fccherEsel ist der neue Literatur Podcast mit Angi &amp; Ute.<\/p>\n\n\n\n<p>Ein B\u00fccherEsel oder Biblioburro, ist eine reisende Bibliothek die die Menschen in abgelegenen Gebieten mit B\u00fcchern und Lesematerial versorgt. Bis in die Mitte des 20.Jahrhunderts gab es hunderte solche B\u00fccherEsel oder auch Satteltaschen-Bibliotheken in den USA, in Kanada und in Latein Amerika.<\/p>\n\n\n\n<p><br>Wir, Angi und Ute, sind zwei begeisterte Vielleser und besprechen hier alle zwei Wochen ein Buch, welches uns gut gefallen hat. Das k\u00f6nnen aktuelle Romane, Klassiker oder B\u00fccher ausl\u00e4ndischer Autoren sein. Wir kennen keine Scheuklappen und keine Grenzen und diskutieren \u00fcber unterschiedliche Formate und Genre.<\/p>\n\n\n\n<p><\/p>\n","protected":false},"excerpt":{"rendered":"<p>B\u00fccherEsel ist der neue Literatur Podcast mit Angi &amp; Ute. Ein B\u00fccherEsel oder Biblioburro, ist eine reisende Bibliothek die die Menschen in abgelegenen Gebieten mit B\u00fcchern und Lesematerial versorgt. Bis in die Mitte des 20.Jahrhunderts gab es hunderte solche B\u00fccherEsel oder auch Satteltaschen-Bibliotheken in den USA, in Kanada und in Latein Amerika. Wir, Angi und [&hellip;]<\/p>\n","protected":false},"author":1,"featured_media":6,"parent":0,"menu_order":1,"comment_status":"closed","ping_status":"closed","template":"","meta":{"nf_dc_page":"","om_disable_all_campaigns":false,"_monsterinsights_skip_tracking":false,"_monsterinsights_sitenote_active":false,"_monsterinsights_sitenote_note":"","_monsterinsights_sitenote_category":0,"footnotes":""},"class_list":["post-4","page","type-page","status-publish","has-post-thumbnail","hentry"],"yoast_head":"<!-- This site is optimized with the Yoast SEO plugin v27.4 - https:\/\/yoast.com\/product\/yoast-seo-wordpress\/ -->\n<title>Home - B\u00fccherEsel<\/title>\n<meta name=\"robots\" content=\"index, follow, max-snippet:-1, max-image-preview:large, max-video-preview:-1\" \/>\n<link rel=\"canonical\" href=\"https:\/\/gunguroo.com\/buecheresel\/\" \/>\n<meta property=\"og:locale\" content=\"en_US\" \/>\n<meta property=\"og:type\" content=\"article\" \/>\n<meta property=\"og:title\" content=\"Home - B\u00fccherEsel\" \/>\n<meta property=\"og:description\" content=\"B\u00fccherEsel ist der neue Literatur Podcast mit Angi &amp; Ute. Ein B\u00fccherEsel oder Biblioburro, ist eine reisende Bibliothek die die Menschen in abgelegenen Gebieten mit B\u00fcchern und Lesematerial versorgt. Bis in die Mitte des 20.Jahrhunderts gab es hunderte solche B\u00fccherEsel oder auch Satteltaschen-Bibliotheken in den USA, in Kanada und in Latein Amerika. Wir, Angi und [&hellip;]\" \/>\n<meta property=\"og:url\" content=\"https:\/\/gunguroo.com\/buecheresel\/\" \/>\n<meta property=\"og:site_name\" content=\"B\u00fccherEsel\" \/>\n<meta property=\"article:publisher\" content=\"https:\/\/www.facebook.com\/B%c3%bccher-Esel-Dein-Literatur-Podcast-100811025159611\" \/>\n<meta property=\"article:modified_time\" content=\"2020-11-16T09:27:11+00:00\" \/>\n<meta property=\"og:image\" content=\"https:\/\/i2.wp.com\/gunguroo.com\/buecheresel\/wp-content\/uploads\/2020\/11\/Dein-Literatur-Podcast.jpg?fit=2240%2C1260&ssl=1\" \/>\n\t<meta property=\"og:image:width\" content=\"2240\" \/>\n\t<meta property=\"og:image:height\" content=\"1260\" \/>\n\t<meta property=\"og:image:type\" content=\"image\/jpeg\" \/>\n<meta name=\"twitter:card\" content=\"summary_large_image\" \/>\n<meta name=\"twitter:label1\" content=\"Est. reading time\" \/>\n\t<meta name=\"twitter:data1\" content=\"1 minute\" \/>\n<script type=\"application\/ld+json\" class=\"yoast-schema-graph\">{\"@context\":\"https:\\\/\\\/schema.org\",\"@graph\":[{\"@type\":\"WebPage\",\"@id\":\"https:\\\/\\\/gunguroo.com\\\/buecheresel\\\/\",\"url\":\"https:\\\/\\\/gunguroo.com\\\/buecheresel\\\/\",\"name\":\"Home - B\u00fccherEsel\",\"isPartOf\":{\"@id\":\"https:\\\/\\\/gunguroo.com\\\/buecheresel\\\/#website\"},\"primaryImageOfPage\":{\"@id\":\"https:\\\/\\\/gunguroo.com\\\/buecheresel\\\/#primaryimage\"},\"image\":{\"@id\":\"https:\\\/\\\/gunguroo.com\\\/buecheresel\\\/#primaryimage\"},\"thumbnailUrl\":\"https:\\\/\\\/i0.wp.com\\\/gunguroo.com\\\/buecheresel\\\/wp-content\\\/uploads\\\/2020\\\/11\\\/Dein-Literatur-Podcast.jpg?fit=2240%2C1260&ssl=1\",\"datePublished\":\"2020-11-14T13:00:55+00:00\",\"dateModified\":\"2020-11-16T09:27:11+00:00\",\"breadcrumb\":{\"@id\":\"https:\\\/\\\/gunguroo.com\\\/buecheresel\\\/#breadcrumb\"},\"inLanguage\":\"en-US\",\"potentialAction\":[{\"@type\":\"ReadAction\",\"target\":[\"https:\\\/\\\/gunguroo.com\\\/buecheresel\\\/\"]}]},{\"@type\":\"ImageObject\",\"inLanguage\":\"en-US\",\"@id\":\"https:\\\/\\\/gunguroo.com\\\/buecheresel\\\/#primaryimage\",\"url\":\"https:\\\/\\\/i0.wp.com\\\/gunguroo.com\\\/buecheresel\\\/wp-content\\\/uploads\\\/2020\\\/11\\\/Dein-Literatur-Podcast.jpg?fit=2240%2C1260&ssl=1\",\"contentUrl\":\"https:\\\/\\\/i0.wp.com\\\/gunguroo.com\\\/buecheresel\\\/wp-content\\\/uploads\\\/2020\\\/11\\\/Dein-Literatur-Podcast.jpg?fit=2240%2C1260&ssl=1\",\"width\":2240,\"height\":1260},{\"@type\":\"BreadcrumbList\",\"@id\":\"https:\\\/\\\/gunguroo.com\\\/buecheresel\\\/#breadcrumb\",\"itemListElement\":[{\"@type\":\"ListItem\",\"position\":1,\"name\":\"Home\",\"item\":\"https:\\\/\\\/gunguroo.com\\\/buecheresel\\\/\"},{\"@type\":\"ListItem\",\"position\":2,\"name\":\"Home\"}]},{\"@type\":\"WebSite\",\"@id\":\"https:\\\/\\\/gunguroo.com\\\/buecheresel\\\/#website\",\"url\":\"https:\\\/\\\/gunguroo.com\\\/buecheresel\\\/\",\"name\":\"B\u00fccherEsel\",\"description\":\"Dein Literatur Podcast\",\"publisher\":{\"@id\":\"https:\\\/\\\/gunguroo.com\\\/buecheresel\\\/#organization\"},\"potentialAction\":[{\"@type\":\"SearchAction\",\"target\":{\"@type\":\"EntryPoint\",\"urlTemplate\":\"https:\\\/\\\/gunguroo.com\\\/buecheresel\\\/?s={search_term_string}\"},\"query-input\":{\"@type\":\"PropertyValueSpecification\",\"valueRequired\":true,\"valueName\":\"search_term_string\"}}],\"inLanguage\":\"en-US\"},{\"@type\":\"Organization\",\"@id\":\"https:\\\/\\\/gunguroo.com\\\/buecheresel\\\/#organization\",\"name\":\"B\u00fccherEsel - Dein Literatur Podcast\",\"url\":\"https:\\\/\\\/gunguroo.com\\\/buecheresel\\\/\",\"logo\":{\"@type\":\"ImageObject\",\"inLanguage\":\"en-US\",\"@id\":\"https:\\\/\\\/gunguroo.com\\\/buecheresel\\\/#\\\/schema\\\/logo\\\/image\\\/\",\"url\":\"https:\\\/\\\/i1.wp.com\\\/gunguroo.com\\\/buecheresel\\\/wp-content\\\/uploads\\\/2020\\\/11\\\/Beige-Elegant-Collage-Sale-Instagram-Post.jpg?fit=1080%2C1080&ssl=1\",\"contentUrl\":\"https:\\\/\\\/i1.wp.com\\\/gunguroo.com\\\/buecheresel\\\/wp-content\\\/uploads\\\/2020\\\/11\\\/Beige-Elegant-Collage-Sale-Instagram-Post.jpg?fit=1080%2C1080&ssl=1\",\"width\":1080,\"height\":1080,\"caption\":\"B\u00fccherEsel - Dein Literatur Podcast\"},\"image\":{\"@id\":\"https:\\\/\\\/gunguroo.com\\\/buecheresel\\\/#\\\/schema\\\/logo\\\/image\\\/\"},\"sameAs\":[\"https:\\\/\\\/www.facebook.com\\\/B\u00fccher-Esel-Dein-Literatur-Podcast-100811025159611\",\"https:\\\/\\\/www.instagram.com\\\/buecheresel\\\/\"]}]}<\/script>\n<!-- \/ Yoast SEO plugin. -->","yoast_head_json":{"title":"Home - B\u00fccherEsel","robots":{"index":"index","follow":"follow","max-snippet":"max-snippet:-1","max-image-preview":"max-image-preview:large","max-video-preview":"max-video-preview:-1"},"canonical":"https:\/\/gunguroo.com\/buecheresel\/","og_locale":"en_US","og_type":"article","og_title":"Home - B\u00fccherEsel","og_description":"B\u00fccherEsel ist der neue Literatur Podcast mit Angi &amp; Ute. Ein B\u00fccherEsel oder Biblioburro, ist eine reisende Bibliothek die die Menschen in abgelegenen Gebieten mit B\u00fcchern und Lesematerial versorgt. Bis in die Mitte des 20.Jahrhunderts gab es hunderte solche B\u00fccherEsel oder auch Satteltaschen-Bibliotheken in den USA, in Kanada und in Latein Amerika. Wir, Angi und [&hellip;]","og_url":"https:\/\/gunguroo.com\/buecheresel\/","og_site_name":"B\u00fccherEsel","article_publisher":"https:\/\/www.facebook.com\/B%c3%bccher-Esel-Dein-Literatur-Podcast-100811025159611","article_modified_time":"2020-11-16T09:27:11+00:00","og_image":[{"width":2240,"height":1260,"url":"https:\/\/i2.wp.com\/gunguroo.com\/buecheresel\/wp-content\/uploads\/2020\/11\/Dein-Literatur-Podcast.jpg?fit=2240%2C1260&ssl=1","type":"image\/jpeg"}],"twitter_card":"summary_large_image","twitter_misc":{"Est. reading time":"1 minute"},"schema":{"@context":"https:\/\/schema.org","@graph":[{"@type":"WebPage","@id":"https:\/\/gunguroo.com\/buecheresel\/","url":"https:\/\/gunguroo.com\/buecheresel\/","name":"Home - B\u00fccherEsel","isPartOf":{"@id":"https:\/\/gunguroo.com\/buecheresel\/#website"},"primaryImageOfPage":{"@id":"https:\/\/gunguroo.com\/buecheresel\/#primaryimage"},"image":{"@id":"https:\/\/gunguroo.com\/buecheresel\/#primaryimage"},"thumbnailUrl":"https:\/\/i0.wp.com\/gunguroo.com\/buecheresel\/wp-content\/uploads\/2020\/11\/Dein-Literatur-Podcast.jpg?fit=2240%2C1260&ssl=1","datePublished":"2020-11-14T13:00:55+00:00","dateModified":"2020-11-16T09:27:11+00:00","breadcrumb":{"@id":"https:\/\/gunguroo.com\/buecheresel\/#breadcrumb"},"inLanguage":"en-US","potentialAction":[{"@type":"ReadAction","target":["https:\/\/gunguroo.com\/buecheresel\/"]}]},{"@type":"ImageObject","inLanguage":"en-US","@id":"https:\/\/gunguroo.com\/buecheresel\/#primaryimage","url":"https:\/\/i0.wp.com\/gunguroo.com\/buecheresel\/wp-content\/uploads\/2020\/11\/Dein-Literatur-Podcast.jpg?fit=2240%2C1260&ssl=1","contentUrl":"https:\/\/i0.wp.com\/gunguroo.com\/buecheresel\/wp-content\/uploads\/2020\/11\/Dein-Literatur-Podcast.jpg?fit=2240%2C1260&ssl=1","width":2240,"height":1260},{"@type":"BreadcrumbList","@id":"https:\/\/gunguroo.com\/buecheresel\/#breadcrumb","itemListElement":[{"@type":"ListItem","position":1,"name":"Home","item":"https:\/\/gunguroo.com\/buecheresel\/"},{"@type":"ListItem","position":2,"name":"Home"}]},{"@type":"WebSite","@id":"https:\/\/gunguroo.com\/buecheresel\/#website","url":"https:\/\/gunguroo.com\/buecheresel\/","name":"B\u00fccherEsel","description":"Dein Literatur Podcast","publisher":{"@id":"https:\/\/gunguroo.com\/buecheresel\/#organization"},"potentialAction":[{"@type":"SearchAction","target":{"@type":"EntryPoint","urlTemplate":"https:\/\/gunguroo.com\/buecheresel\/?s={search_term_string}"},"query-input":{"@type":"PropertyValueSpecification","valueRequired":true,"valueName":"search_term_string"}}],"inLanguage":"en-US"},{"@type":"Organization","@id":"https:\/\/gunguroo.com\/buecheresel\/#organization","name":"B\u00fccherEsel - Dein Literatur Podcast","url":"https:\/\/gunguroo.com\/buecheresel\/","logo":{"@type":"ImageObject","inLanguage":"en-US","@id":"https:\/\/gunguroo.com\/buecheresel\/#\/schema\/logo\/image\/","url":"https:\/\/i1.wp.com\/gunguroo.com\/buecheresel\/wp-content\/uploads\/2020\/11\/Beige-Elegant-Collage-Sale-Instagram-Post.jpg?fit=1080%2C1080&ssl=1","contentUrl":"https:\/\/i1.wp.com\/gunguroo.com\/buecheresel\/wp-content\/uploads\/2020\/11\/Beige-Elegant-Collage-Sale-Instagram-Post.jpg?fit=1080%2C1080&ssl=1","width":1080,"height":1080,"caption":"B\u00fccherEsel - Dein Literatur Podcast"},"image":{"@id":"https:\/\/gunguroo.com\/buecheresel\/#\/schema\/logo\/image\/"},"sameAs":["https:\/\/www.facebook.com\/B\u00fccher-Esel-Dein-Literatur-Podcast-100811025159611","https:\/\/www.instagram.com\/buecheresel\/"]}]}},"jetpack_sharing_enabled":true,"jetpack_likes_enabled":true,"_links":{"self":[{"href":"https:\/\/gunguroo.com\/buecheresel\/wp-json\/wp\/v2\/pages\/4","targetHints":{"allow":["GET"]}}],"collection":[{"href":"https:\/\/gunguroo.com\/buecheresel\/wp-json\/wp\/v2\/pages"}],"about":[{"href":"https:\/\/gunguroo.com\/buecheresel\/wp-json\/wp\/v2\/types\/page"}],"author":[{"embeddable":true,"href":"https:\/\/gunguroo.com\/buecheresel\/wp-json\/wp\/v2\/users\/1"}],"replies":[{"embeddable":true,"href":"https:\/\/gunguroo.com\/buecheresel\/wp-json\/wp\/v2\/comments?post=4"}],"version-history":[{"count":3,"href":"https:\/\/gunguroo.com\/buecheresel\/wp-json\/wp\/v2\/pages\/4\/revisions"}],"predecessor-version":[{"id":40,"href":"https:\/\/gunguroo.com\/buecheresel\/wp-json\/wp\/v2\/pages\/4\/revisions\/40"}],"wp:featuredmedia":[{"embeddable":true,"href":"https:\/\/gunguroo.com\/buecheresel\/wp-json\/wp\/v2\/media\/6"}],"wp:attachment":[{"href":"https:\/\/gunguroo.com\/buecheresel\/wp-json\/wp\/v2\/media?parent=4"}],"curies":[{"name":"wp","href":"https:\/\/api.w.org\/{rel}","templated":true}]}}